{"version":"1.0","provider_name":"MPPPST","provider_url":"https:\/\/www.mpppst.gob.ve\/mpppstweb","author_name":"MPPPST Prensa","author_url":"https:\/\/www.mpppst.gob.ve\/mpppstweb\/index.php\/author\/prensa-mpppst\/","title":"Ministro Corredor P\u00e9rez: El nuevo Sistema de Seguridad Social protege y profundiza el car\u00e1cter fundamental de la Revoluci\u00f3n Bolivariana - MPPPST","type":"rich","width":600,"height":338,"html":"<blockquote class=\"wp-embedded-content\" data-secret=\"hsSqBKue96\"><a href=\"https:\/\/www.mpppst.gob.ve\/mpppstweb\/index.php\/2024\/07\/11\/seguridad-social\/\">Ministro Corredor P\u00e9rez: El nuevo Sistema de Seguridad Social protege y profundiza el car\u00e1cter fundamental de la Revoluci\u00f3n Bolivariana<\/a><\/blockquote><iframe sandbox=\"allow-scripts\" security=\"restricted\" src=\"https:\/\/www.mpppst.gob.ve\/mpppstweb\/index.php\/2024\/07\/11\/seguridad-social\/embed\/#?secret=hsSqBKue96\" width=\"600\" height=\"338\" title=\"\u00abMinistro Corredor P\u00e9rez: El nuevo Sistema de Seguridad Social protege y profundiza el car\u00e1cter fundamental de la Revoluci\u00f3n Bolivariana\u00bb \u2014 MPPPST\" data-secret=\"hsSqBKue96\" frameborder=\"0\" marginwidth=\"0\" marginheight=\"0\" scrolling=\"no\" class=\"wp-embedded-content\"><\/iframe><script>\n\/*! This file is auto-generated *\/\n!function(c,d){\"use strict\";var e=!1,o=!1;if(d.querySelector)if(c.addEventListener)e=!0;if(c.wp=c.wp||{},c.wp.receiveEmbedMessage);else if(c.wp.receiveEmbedMessage=function(e){var t=e.data;if(!t);else if(!(t.secret||t.message||t.value));else if(\/[^a-zA-Z0-9]\/.test(t.secret));else{for(var r,s,a,i=d.querySelectorAll('iframe[data-secret=\"'+t.secret+'\"]'),n=d.querySelectorAll('blockquote[data-secret=\"'+t.secret+'\"]'),o=new RegExp(\"^https?:$\",\"i\"),l=0;l<n.length;l++)n[l].style.display=\"none\";for(l=0;l<i.length;l++)if(r=i[l],e.source!==r.contentWindow);else{if(r.removeAttribute(\"style\"),\"height\"===t.message){if(1e3<(s=parseInt(t.value,10)))s=1e3;else if(~~s<200)s=200;r.height=s}if(\"link\"===t.message)if(s=d.createElement(\"a\"),a=d.createElement(\"a\"),s.href=r.getAttribute(\"src\"),a.href=t.value,!o.test(a.protocol));else if(a.host===s.host)if(d.activeElement===r)c.top.location.href=t.value}}},e)c.addEventListener(\"message\",c.wp.receiveEmbedMessage,!1),d.addEventListener(\"DOMContentLoaded\",t,!1),c.addEventListener(\"load\",t,!1);function t(){if(o);else{o=!0;for(var e,t,r,s=-1!==navigator.appVersion.indexOf(\"MSIE 10\"),a=!!navigator.userAgent.match(\/Trident.*rv:11\\.\/),i=d.querySelectorAll(\"iframe.wp-embedded-content\"),n=0;n<i.length;n++){if(!(r=(t=i[n]).getAttribute(\"data-secret\")))r=Math.random().toString(36).substr(2,10),t.src+=\"#?secret=\"+r,t.setAttribute(\"data-secret\",r);if(s||a)(e=t.cloneNode(!0)).removeAttribute(\"security\"),t.parentNode.replaceChild(e,t);t.contentWindow.postMessage({message:\"ready\",secret:r},\"*\")}}}}(window,document);\n<\/script>\n","thumbnail_url":"https:\/\/www.mpppst.gob.ve\/mpppstweb\/wp-content\/uploads\/2024\/07\/WhatsApp-Image-2024-07-11-at-3.25.53-PM.jpeg","thumbnail_width":1280,"thumbnail_height":720,"description":"(Caracas, 11-07-2024.- Prensa MPPPST).- \u201cLas medidas coercitivas tienen el fin de asfixiar al pueblo venezolano, de quebrar el espinazo de la Revoluci\u00f3n Bolivariana, han sido confrontadas con m\u00e1s formaci\u00f3n\u201d, as\u00ed lo asegur\u00f3, Alexis Corredor P\u00e9rez, ministro del Ministerio del Poder Popular para el Proceso Social de Trabajo (MPPPST), durante el curso Modelo de Seguridad Social de la Revoluci\u00f3n Bolivariana y Proyecci\u00f3n en la 7T, enmarcado en el Plan de Formaci\u00f3n Masiva en Planificaci\u00f3n Popular de la Escuela Venezolana de Planificaci\u00f3n, ubicada en la Rinconada, municipio Bolivariano Libertador de Caracas."}

Ministro Corredor Pérez: El nuevo Sistema de Seguridad Social protege y profundiza el carácter fundamental de la Revolución Bolivariana - MPPPST

<blockquote class="wp-embedded-content" data-secret="hsSqBKue96"><a href="https://www.mpppst.gob.ve/mpppstweb/index.php/2024/07/11/seguridad-social/">Ministro Corredor Pérez: El nuevo Sistema de Seguridad Social protege y profundiza el carácter fundamental de la Revolución Bolivariana</a></blockquote><iframe sandbox="allow-scripts" security="restricted" src="https://www.mpppst.gob.ve/mpppstweb/index.php/2024/07/11/seguridad-social/embed/#?secret=hsSqBKue96" width="600" height="338" title="«Ministro Corredor Pérez: El nuevo Sistema de Seguridad Social protege y profundiza el carácter fundamental de la Revolución Bolivariana» — MPPPST" data-secret="hsSqBKue96" frameborder="0" marginwidth="0" marginheight="0" scrolling="no" class="wp-embedded-content"></iframe><script>
/*! This file is auto-generated */
!function(c,d){"use strict";var e=!1,o=!1;if(d.querySelector)if(c.addEventListener)e=!0;if(c.wp=c.wp||{},c.wp.receiveEmbedMessage);else if(c.wp.receiveEmbedMessage=function(e){var t=e.data;if(!t);else if(!(t.secret||t.message||t.value));else if(/[^a-zA-Z0-9]/.test(t.secret));else{for(var r,s,a,i=d.querySelectorAll('iframe[data-secret="'+t.secret+'"]'),n=d.querySelectorAll('blockquote[data-secret="'+t.secret+'"]'),o=new RegExp("^https?:$","i"),l=0;l<n.length;l++)n[l].style.display="none";for(l=0;l<i.length;l++)if(r=i[l],e.source!==r.contentWindow);else{if(r.removeAttribute("style"),"height"===t.message){if(1e3<(s=parseInt(t.value,10)))s=1e3;else if(~~s<200)s=200;r.height=s}if("link"===t.message)if(s=d.createElement("a"),a=d.createElement("a"),s.href=r.getAttribute("src"),a.href=t.value,!o.test(a.protocol));else if(a.host===s.host)if(d.activeElement===r)c.top.location.href=t.value}}},e)c.addEventListener("message",c.wp.receiveEmbedMessage,!1),d.addEventListener("DOMContentLoaded",t,!1),c.addEventListener("load",t,!1);function t(){if(o);else{o=!0;for(var e,t,r,s=-1!==navigator.appVersion.indexOf("MSIE 10"),a=!!navigator.userAgent.match(/Trident.*rv:11\./),i=d.querySelectorAll("iframe.wp-embedded-content"),n=0;n<i.length;n++){if(!(r=(t=i[n]).getAttribute("data-secret")))r=Math.random().toString(36).substr(2,10),t.src+="#?secret="+r,t.setAttribute("data-secret",r);if(s||a)(e=t.cloneNode(!0)).removeAttribute("security"),t.parentNode.replaceChild(e,t);t.contentWindow.postMessage({message:"ready",secret:r},"*")}}}}(window,document);
</script>

(Caracas, 11-07-2024.- Prensa MPPPST).- “Las medidas coercitivas tienen el fin de asfixiar al pueblo venezolano, de quebrar el espinazo de la Revolución Bolivariana, han sido confrontadas con más formación”, así lo aseguró, Alexis Corredor Pérez, ministro del Ministerio del Poder Popular para el Proceso Social de Trabajo (MPPPST), durante el curso Modelo de Seguridad Social de la Revolución Bolivariana y Proyección en la 7T, enmarcado en el Plan de Formación Masiva en Planificación Popular de la Escuela Venezolana de Planificación, ubicada en la Rinconada, municipio Bolivariano Libertador de Caracas.
