{"id":16250,"date":"2019-06-13T13:45:59","date_gmt":"2019-06-13T17:45:59","guid":{"rendered":"http:\/\/www.mpppst.gob.ve\/mpppstweb\/?page_id=16250"},"modified":"2019-06-14T14:17:05","modified_gmt":"2019-06-14T18:17:05","slug":"listados-de-libros","status":"publish","type":"page","link":"https:\/\/www.mpppst.gob.ve\/mpppstweb\/index.php\/listados-de-libros\/","title":{"rendered":"Listado de Libros"},"content":{"rendered":"<p><a href=\"http:\/\/www.mpppst.gob.ve\/mpppstweb\/wp-content\/uploads\/2019\/06\/SEGURIDAD-SOCIAL-PARA-LA-JUSTICIA-Y-UNA-GLOBALIZACI\u00c3ON-EQUITATIVA-1.pdf\" target=\"_blank\" rel=\"noopener\">SEGURIDAD SOCIAL PARA LA JUSTICIA Y UNA GLOBALIZACI\u00d3N EQUITATIVA<\/a><\/p>\n<p><a href=\"http:\/\/www.mpppst.gob.ve\/mpppstweb\/wp-content\/uploads\/2019\/06\/370_2009_reunion_tripartita.pdf\" target=\"_blank\" rel=\"noopener\">Reuni\u00f3n tripartita de expertos sobre las estrategias de ampliaci\u00f3n de la cobertura de la seguridad social.<\/a><\/p>\n<p><a href=\"http:\/\/www.mpppst.gob.ve\/mpppstweb\/wp-content\/uploads\/2019\/06\/708_2007_hipoteses.pdf\" target=\"_blank\" rel=\"noopener\">Hip\u00f3tesis demogr\u00e1ficas y econ\u00f3micas usadas en las valoraciones actuaria les de los reg\u00edmenes de seguridad social y de pensiones<\/a><\/p>\n<p><a href=\"http:\/\/www.mpppst.gob.ve\/mpppstweb\/wp-content\/uploads\/2019\/06\/707_2007_metodos.pdf\" target=\"_blank\" rel=\"noopener\">M\u00e9todos de financiaci\u00f3n de la asistencia m\u00e9dica.<\/a><\/p>\n<p><a href=\"http:\/\/www.mpppst.gob.ve\/mpppstweb\/wp-content\/uploads\/2019\/06\/703_pseb.pdf\" target=\"_blank\" rel=\"noopener\">Sistema Previsional y Equidad<\/a><\/p>\n<p><a href=\"http:\/\/www.mpppst.gob.ve\/mpppstweb\/wp-content\/uploads\/2019\/06\/701_2009_latinamer_alejandose.pdf\" target=\"_blank\" rel=\"noopener\">\u00bfEST\u00c1 LATINOAM\u00c9RICA ALEJ\u00c1NDOSE DE LAS CUENTAS INDIVIDUALES DE PENSIONES?<\/a><\/p>\n<p><a href=\"http:\/\/www.mpppst.gob.ve\/mpppstweb\/wp-content\/uploads\/2019\/06\/750_2010_apc.pdf\" target=\"_blank\" rel=\"noopener\">Aportes para la construcci\u00f3n de un piso de protecci\u00f3n social en Argentina: El caso de las asignaciones familiares.<\/a><\/p>\n<p><a href=\"http:\/\/www.mpppst.gob.ve\/mpppstweb\/wp-content\/uploads\/2019\/06\/363_2000_pensiones_segsoc.pdf\" target=\"_blank\" rel=\"noopener\">Pensiones de Seguridad Social Desarrollo y reforma.<\/a><\/p>\n<p><a href=\"http:\/\/www.mpppst.gob.ve\/mpppstweb\/wp-content\/uploads\/2019\/06\/722_2010_empleo_proteccion.pdf\" target=\"_blank\" rel=\"noopener\">Empleo y protecci\u00f3n social en el nuevo contexto demogr\u00e1fico.<\/a><\/p>\n<p><a href=\"http:\/\/www.mpppst.gob.ve\/mpppstweb\/wp-content\/uploads\/2019\/06\/362_2001_hacia_trabajo.pdf\" target=\"_blank\" rel=\"noopener\">Hacia un trabajo decente: Una protecci\u00f3n social en salud\u00a0para todos los trabajadores y sus familias.<\/a><\/p>\n<p><a href=\"http:\/\/www.mpppst.gob.ve\/mpppstweb\/wp-content\/uploads\/2019\/06\/347_2004_proteccion_social_uruguay.pdf\" target=\"_blank\" rel=\"noopener\">Protecci\u00f3n Social en Uruguay.<\/a><\/p>\n<p><a href=\"http:\/\/www.mpppst.gob.ve\/mpppstweb\/wp-content\/uploads\/2019\/06\/348_2003_proteccion_social_chile.pdf\" target=\"_blank\" rel=\"noopener\">Protecci\u00f3n Social en Chile.<\/a><\/p>\n<p><a href=\"http:\/\/www.mpppst.gob.ve\/mpppstweb\/wp-content\/uploads\/2019\/06\/345_2002_normas_siglo_xxi.pdf\" target=\"_blank\" rel=\"noopener\">Normas para el siglo XXI SEGURIDAD SOCIAL.<\/a><\/p>\n<p><a href=\"http:\/\/www.mpppst.gob.ve\/mpppstweb\/wp-content\/uploads\/2019\/06\/346_2001_segsoc_nuevo_consenso.pdf\" target=\"_blank\" rel=\"noopener\">Seguridad social:\u00a0un nuevo\u00a0consenso.<\/a><\/p>\n<p><a href=\"http:\/\/www.mpppst.gob.ve\/mpppstweb\/wp-content\/uploads\/2019\/06\/131_2006_envejimento_amerlat.pdf\" target=\"_blank\" rel=\"noopener\">Envejecimiento, Empleo\u00a0y Protecci\u00f3n Social\u00a0en Am\u00e9rica Latina.<\/a><\/p>\n<p><a href=\"http:\/\/www.mpppst.gob.ve\/mpppstweb\/wp-content\/uploads\/2019\/06\/135_2005_protecsoc_en_arg.pdf\" target=\"_blank\" rel=\"noopener\">Protecci\u00f3n\u00a0Social en\u00a0Argentina.<\/a><\/p>\n<p><a href=\"http:\/\/www.mpppst.gob.ve\/mpppstweb\/wp-content\/uploads\/2019\/06\/129_2007_pol_desempleo_arg.pdf\" target=\"_blank\" rel=\"noopener\">Pol\u00edticas y\u00a0 Programas de Protecci\u00f3n al Desempleo\u00a0en argentina.<\/a><\/p>\n<p><a href=\"http:\/\/www.mpppst.gob.ve\/mpppstweb\/wp-content\/uploads\/2019\/06\/126_2007_asignaciones_uruguay.pdf\" target=\"_blank\" rel=\"noopener\">Asignaciones Familiares en Uruguay.<\/a><\/p>\n<p><a href=\"http:\/\/www.mpppst.gob.ve\/mpppstweb\/wp-content\/uploads\/2019\/06\/123_2010_reforma_chile_contribucion_oit.pdf\" target=\"_blank\" rel=\"noopener\">La reforma Previsional en Chile y la Contribuci\u00f3n\u00a0\u00a0de la OTI.<\/a><\/p>\n<p><a href=\"http:\/\/www.mpppst.gob.ve\/mpppstweb\/wp-content\/uploads\/2019\/06\/128_2007_trabajadores_independientes_arg.pdf\" target=\"_blank\" rel=\"noopener\">Los Trabajadores Independientes y la Seguridad Social.<\/a><\/p>\n<p><a href=\"http:\/\/www.mpppst.gob.ve\/mpppstweb\/wp-content\/uploads\/2019\/06\/120_2009_reflexiones_argentina.pdf\" target=\"_blank\" rel=\"noopener\">Reflexiones\u00a0 y Propuestas para Mejorar la Distribuci\u00f3n del Ingreso en Argentina.<\/a><\/p>\n<p><a href=\"http:\/\/www.mpppst.gob.ve\/mpppstweb\/wp-content\/uploads\/2019\/06\/115_2010_reforma_previsional.pdf\" target=\"_blank\" rel=\"noopener\">Reforma Previsional en Chile Protecci\u00f3n\u00a0 Social para\u00a0Todos.<\/a><\/p>\n<p><a href=\"http:\/\/www.mpppst.gob.ve\/mpppstweb\/wp-content\/uploads\/2019\/06\/116_2010_trabajadores_independientes.pdf\" target=\"_blank\" rel=\"noopener\">Trabajadores Independientes y Protecci\u00f3n Social en America Latina.<\/a><\/p>\n<p><a href=\"http:\/\/www.mpppst.gob.ve\/mpppstweb\/wp-content\/uploads\/2019\/06\/365_dp16.pdf\" target=\"_blank\" rel=\"noopener\">Seguridad social para todos:\u00a0Una inversi\u00f3n en el desarrollo econ\u00f3mico y social mundial.<\/a><\/p>\n<p><a href=\"http:\/\/www.mpppst.gob.ve\/mpppstweb\/wp-content\/uploads\/2019\/06\/349_dp19.pdf\" target=\"_blank\" rel=\"noopener\">Protecci\u00f3n Social de la Salud:\u00a0Una estrategia de la OIT para el acceso universal\u00a0a la asistencia m\u00e9dica.<\/a><\/p>\n<p><a href=\"http:\/\/www.mpppst.gob.ve\/mpppstweb\/wp-content\/uploads\/2019\/06\/368_pp2.pdf\" target=\"_blank\" rel=\"noopener\">Establecimiento de normas de seguridad social\u00a0en una sociedad global.<\/a><\/p>\n<p><a href=\"http:\/\/www.mpppst.gob.ve\/mpppstweb\/wp-content\/uploads\/2019\/06\/114_2010_la_historia_previsional.pdf\" target=\"_blank\" rel=\"noopener\">Historia\u00a0 de la\u00a0 Reforma Previsional Chilena.<\/a><\/p>\n<p><a href=\"http:\/\/www.mpppst.gob.ve\/mpppstweb\/wp-content\/uploads\/2019\/06\/366_pp7.pdf\" target=\"_blank\" rel=\"noopener\">Seguridad social para todos\u00a0Una inversi\u00f3n en la justicia social\u00a0y en el desarrollo econ\u00f3mico.<\/a><\/p>\n<p><a href=\"http:\/\/www.mpppst.gob.ve\/mpppstweb\/wp-content\/uploads\/2019\/06\/356_2003_panorama_lucha.pdf\" target=\"_blank\" rel=\"noopener\">Panorama de la\u00a0 Lucha Contra la\u00a0 Exclusi\u00f3n Social.<\/a><\/p>\n<p><a href=\"http:\/\/www.mpppst.gob.ve\/mpppstweb\/wp-content\/uploads\/2019\/06\/355_2003_lucha_contra_pobreza_portugal.pdf\" target=\"_blank\" rel=\"noopener\">La Lucha\u00a0 Contra\u00a0 la\u00a0 Pobreza y la\u00a0\u00a0Exclusi\u00f3n Social en Portugal.<\/a><\/p>\n<p><a href=\"http:\/\/www.mpppst.gob.ve\/mpppstweb\/wp-content\/uploads\/2019\/06\/354_2008_desarrollo_local_europa.pdf\" target=\"_blank\" rel=\"noopener\">Desarrollo local y protecci\u00f3n social\u00a0en Europa.<\/a><\/p>\n<p><a href=\"http:\/\/www.mpppst.gob.ve\/mpppstweb\/wp-content\/uploads\/2019\/06\/730_2009_manual_es.pdf\" target=\"_blank\" rel=\"noopener\">Manual y marco estrat\u00e9gico\u00a0para las actividades nacionales\u00a0conjuntas de las Naciones Unidas.<\/a><\/p>\n<p><a href=\"http:\/\/www.mpppst.gob.ve\/mpppstweb\/wp-content\/uploads\/2019\/06\/370_2009_reunion_tripartita-1.pdf\" target=\"_blank\" rel=\"noopener\">Reuni\u00f3n tripartita de expertos sobre estrategias\u00a0para la extensi\u00f3n de la cobertura de la seguridad social.<\/a><\/p>\n<p><a href=\"http:\/\/www.mpppst.gob.ve\/mpppstweb\/wp-content\/uploads\/2019\/06\/369_2004_financiacion_protec.pdf\" target=\"_blank\" rel=\"noopener\">Financiaci\u00f3n de la Protecci\u00f3n Social.<\/a><\/p>\n<p><a href=\"http:\/\/www.mpppst.gob.ve\/mpppstweb\/wp-content\/uploads\/2019\/06\/738_ess8.pdf\" target=\"_blank\" rel=\"noopener\">PENSIONES NO\u00a0CONTRIBUTIVAS\u00a0Y ASISTENCIALES\u00a0OFICINA INTERNACIONAL.<\/a><\/p>\n<p><a href=\"http:\/\/www.mpppst.gob.ve\/mpppstweb\/wp-content\/uploads\/2019\/06\/353_ess3.pdf\" target=\"_blank\" rel=\"noopener\">Extensi\u00f3n de la Seguridad social.<\/a><\/p>\n<p><a href=\"http:\/\/www.mpppst.gob.ve\/mpppstweb\/wp-content\/uploads\/2019\/06\/352_ess13.pdf\" target=\"_blank\" rel=\"noopener\">Campa\u00f1a mundial sobre seguridad social y cobertura para todos.<\/a><\/p>\n<p><a href=\"http:\/\/www.mpppst.gob.ve\/mpppstweb\/wp-content\/uploads\/2019\/06\/350_ess17.pdf\" target=\"_blank\" rel=\"noopener\">Extensi\u00f3n de la Seguridad Social\u00a0La seguridad alimentaria en el Per\u00fa\u00a0Como forma de seguridad de los ingresos.<\/a><\/p>\n<p><a href=\"http:\/\/www.mpppst.gob.ve\/mpppstweb\/wp-content\/uploads\/2019\/06\/257_2009_ecuador_informe_tcr.pdf\" target=\"_blank\" rel=\"noopener\">Rep\u00fablica del Ecuador\u00a0Informe al Gobierno.<\/a><\/p>\n<p><a href=\"http:\/\/www.mpppst.gob.ve\/mpppstweb\/wp-content\/uploads\/2019\/06\/258_2008_ecuador_diagnostico.pdf\" target=\"_blank\" rel=\"noopener\">Diagn\u00f3stico del Sistema de Seguridad\u00a0Social del Ecuador.<\/a><\/p>\n<p><a href=\"http:\/\/www.mpppst.gob.ve\/mpppstweb\/wp-content\/uploads\/2019\/06\/Teor\u00eda-de-la-Necesidad-en-Pol\u00edtica-Social.pdf\" target=\"_blank\" rel=\"noopener\">La teor\u00eda de la necesidad como\u00a0referente de la pol\u00edtica social.<\/a><\/p>\n<p><a href=\"http:\/\/www.mpppst.gob.ve\/mpppstweb\/wp-content\/uploads\/2019\/06\/Pensiones-y-Adulto-Mayor.pdf\" target=\"_blank\" rel=\"noopener\">Problem\u00e1tica de los Adultos Mayores\u00a0en relaci\u00f3n a las pensiones.<\/a><\/p>\n<p><a href=\"http:\/\/www.mpppst.gob.ve\/mpppstweb\/wp-content\/uploads\/2019\/06\/rir_spa.pdf\" target=\"_blank\" rel=\"noopener\">Seguridad social\u00a0para la justicia social\u00a0y una globalizaci\u00f3n\u00a0equitativa.<\/a><\/p>\n<p><a href=\"http:\/\/www.mpppst.gob.ve\/mpppstweb\/wp-content\/uploads\/2019\/06\/rule_law_spa.pdf\" target=\"_blank\" rel=\"noopener\">La seguridad social y la primac\u00eda del Derecho.<\/a><\/p>\n<p><a href=\"http:\/\/www.mpppst.gob.ve\/mpppstweb\/wp-content\/uploads\/2019\/06\/folleto_spf_spa.pdf\" target=\"_blank\" rel=\"noopener\">Iniciativa del Piso de Protecci\u00f3n Social.<\/a><\/p>\n<p><a href=\"http:\/\/www.mpppst.gob.ve\/mpppstweb\/wp-content\/uploads\/2019\/06\/argentina_spa.pdf\" target=\"_blank\" rel=\"noopener\">Iniciativa del piso de protecci\u00f3n social\u00a0Argentina.<\/a><\/p>\n<p><a href=\"http:\/\/www.mpppst.gob.ve\/mpppstweb\/wp-content\/uploads\/2019\/06\/PyD100_LCL3308.pdf\" target=\"_blank\" rel=\"noopener\">La protecci\u00f3n de la salud\u00a0en el marco de la din\u00e1mica\u00a0demogr\u00e1fica y los derechos.<\/a><\/p>\n<p><a href=\"http:\/\/www.mpppst.gob.ve\/mpppstweb\/wp-content\/uploads\/2019\/06\/env_dign.pdf\" target=\"_blank\" rel=\"noopener\">ENVEJECIMIENTO CON DIGNIDAD POR\u00a0UNA PENSI\u00d3N NO\u00a0CONTRIBUTIVA<\/a><\/p>\n<p><a href=\"http:\/\/www.mpppst.gob.ve\/mpppstweb\/wp-content\/uploads\/2019\/06\/ilc101_iv_1_es.pdf\" target=\"_blank\" rel=\"noopener\">Pisos de protecci\u00f3n social para la justicia social y una globalizaci\u00f3n equitativa.<\/a><\/p>\n<p><a href=\"http:\/\/www.mpppst.gob.ve\/mpppstweb\/wp-content\/uploads\/2019\/06\/ilc100_cps_conclusions_es.pdf\" target=\"_blank\" rel=\"noopener\">Sexto punto del orden del d\u00eda: Discusi\u00f3n recurrente sobre el objetivo estrat\u00e9gico de la protecci\u00f3n social (seguridad social) en el marco del seguimiento de la Declaraci\u00f3n de 2008 de la OIT sobre la justicia social para una globalizaci\u00f3n equitativa.<\/a><\/p>\n<p><a href=\"http:\/\/www.mpppst.gob.ve\/mpppstweb\/wp-content\/uploads\/2019\/06\/ilc100_resol_es.pdf\" target=\"_blank\" rel=\"noopener\">Resoluci\u00f3n relativa a la discusi\u00f3n recurrente sobre la protecci\u00f3n social (seguridad social).<\/a><\/p>\n<p><a href=\"http:\/\/www.mpppst.gob.ve\/mpppstweb\/wp-content\/uploads\/2019\/06\/bachelet_sp.pdf\" target=\"_blank\" rel=\"noopener\">Piso de Protecci\u00f3n Social\u00a0para una globalizaci\u00f3n equitativa e inclusiva.<\/a><\/p>\n<p><a href=\"http:\/\/www.mpppst.gob.ve\/mpppstweb\/wp-content\/uploads\/2019\/06\/CRE3_CartadeSanJose_aprobada-11mayo-ESP_SM.pdf\" target=\"_blank\" rel=\"noopener\">CARTA DE SAN JOS\u00c9 SOBRE LOS DERECHOS DE LAS PERSONAS MAYORES DE AM\u00c9RICA LATINA Y EL CARIBE.<\/a><\/p>\n<p><a href=\"http:\/\/www.mpppst.gob.ve\/mpppstweb\/wp-content\/uploads\/2019\/06\/mexico_es.pdf\" target=\"_blank\" rel=\"noopener\">Piso de Protecci\u00f3n Social en M\u00e9xico.<\/a><\/p>\n<p><a href=\"http:\/\/www.mpppst.gob.ve\/mpppstweb\/wp-content\/uploads\/2019\/06\/brasil_es.pdf\" target=\"_blank\" rel=\"noopener\">El Piso de Protecci\u00f3n Social en Brasil<\/a><\/p>\n<p><a href=\"http:\/\/www.mpppst.gob.ve\/mpppstweb\/wp-content\/uploads\/2019\/06\/spfi_es.pdf\" target=\"_blank\" rel=\"noopener\">La Iniciativa\u00a0del Piso de Protecci\u00f3n Social<\/a><\/p>\n<p><a href=\"http:\/\/www.mpppst.gob.ve\/mpppstweb\/wp-content\/uploads\/2019\/06\/34.pdf\" target=\"_blank\" rel=\"noopener\">Convenio Iberoamericano de Seguridad Social.<\/a><\/p>\n<p><a href=\"http:\/\/www.mpppst.gob.ve\/mpppstweb\/wp-content\/uploads\/2019\/06\/Convenio_Multilateral_Iberoamericano.pdf\" target=\"_blank\" rel=\"noopener\">I\u00a0REUNI\u00d3N\u00a0DE\u00a0LEGISLADORES\u00a0DE\u00a0SEGURIDAD\u00a0SOCIAL\u00a0DE\u00a0LATINOAMERICA.<\/a><\/p>\n<p><a href=\"http:\/\/www.mpppst.gob.ve\/mpppstweb\/wp-content\/uploads\/2019\/06\/5-12.pdf\" target=\"_blank\" rel=\"noopener\">EL PAPEL DEL ESTADO VENEZOLANO COMO BENEFACTOR Y SUS\u00a0IMPLICACIONES EN LA POL\u00cdTICA DE SEGURIDAD SOCIAL COMO PROGRAMA\u00a0POL\u00cdTICO.<\/a><\/p>\n<p><a href=\"http:\/\/www.mpppst.gob.ve\/mpppstweb\/wp-content\/uploads\/2019\/06\/05574.pdf\" target=\"_blank\" rel=\"noopener\">La Pol\u00edtica Social en Venezuela.<\/a><\/p>\n<p><a href=\"http:\/\/www.mpppst.gob.ve\/mpppstweb\/wp-content\/uploads\/2019\/06\/Final.pdf\" target=\"_blank\" rel=\"noopener\">LA SEGURIDAD SOCIAL\u00a0ES TU DERECHO.<\/a><\/p>\n<p><a href=\"http:\/\/www.mpppst.gob.ve\/mpppstweb\/wp-content\/uploads\/2019\/06\/2015-07-14__CIT_2016_-_Declaracion_de_la_OIT_sobre_la_justicia_social_para_una_globalizacion_equitativa__2008_.pdf\" target=\"_blank\" rel=\"noopener\">Declaraci\u00f3n de la OIT\u00a0sobre la justicia social\u00a0para una globalizaci\u00f3n\u00a0equitativa.<\/a><\/p>\n<p><a href=\"http:\/\/www.mpppst.gob.ve\/mpppstweb\/wp-content\/uploads\/2019\/06\/seguridad_social.pdf\" target=\"_blank\" rel=\"noopener\">LA SEGURIDAD SOCIAL EN VENEZUELA<\/a><\/p>\n<p><a href=\"http:\/\/www.mpppst.gob.ve\/mpppstweb\/wp-content\/uploads\/2019\/06\/06_seguridadsocial.pdf\" target=\"_blank\" rel=\"noopener\">Derecho a la seguridad social<\/a><\/p>\n<p><a href=\"http:\/\/www.mpppst.gob.ve\/mpppstweb\/wp-content\/uploads\/2019\/06\/1.-BUEN-VIVIR.-UNA-OPCION-PARA-CAMBIAR-EL-MODO-DE-VIDA1.pdf\" target=\"_blank\" rel=\"noopener\">\u201cBUEN VIVIR\u201d. UNA OPCION PARA CAMBIAR EL MODO DE VIDA.<\/a><\/p>\n<p><a href=\"http:\/\/www.mpppst.gob.ve\/mpppstweb\/wp-content\/uploads\/2019\/06\/2.-Vivir-Bien1.pdf\" target=\"_blank\" rel=\"noopener\">Buen Vivir \/ Vivir Bien\u00a0Filosof\u00eda, pol\u00edticas, estrategias y experiencias\u00a0regionales andinas.<\/a><\/p>\n<p><a href=\"http:\/\/www.mpppst.gob.ve\/mpppstweb\/wp-content\/uploads\/2019\/06\/Asi-funcionan-las-transferencias-condicionadas.pdf\" target=\"_blank\" rel=\"noopener\">As\u00ed funcionan las\u00a0transferencias condicionadas.<\/a><\/p>\n<p><a href=\"http:\/\/www.mpppst.gob.ve\/mpppstweb\/wp-content\/uploads\/2019\/06\/NRO-004-BT-20180504-De-la-Seguridad-Social-en-el-Mundo.pdf\" target=\"_blank\" rel=\"noopener\">TESORER\u00cdA DE SEGURIDAD SOCIAL\u00a0COORDINACI\u00d3N DE POL\u00cdTICAS P\u00daBLICAS.<\/a><\/p>\n<p><a href=\"http:\/\/www.mpppst.gob.ve\/mpppstweb\/wp-content\/uploads\/2019\/06\/0IT-SEGURIDAD-EN-SALUD-TRABAJADORES-AGRARIOS-PERU.pdf\" target=\"_blank\" rel=\"noopener\">Los trabajadores agrarios\u00a0y la Seguridad Social\u00a0en Salud del Per\u00fa.<\/a><\/p>\n<p><a href=\"http:\/\/www.mpppst.gob.ve\/mpppstweb\/wp-content\/uploads\/2019\/06\/SEGURIDAD-SOCIAL-PARA-AGRICULTORES-VEN..pdf\" target=\"_blank\" rel=\"noopener\">EXTENSI\u00d3N DE LA SEGURIDAD SOCIAL\u00a0AL TRABAJADOR RURAL EN VENEZUELA.<\/a><\/p>\n<p>&nbsp;<\/p>\n","protected":false},"excerpt":{"rendered":"<p>SEGURIDAD SOCIAL PARA LA JUSTICIA Y UNA GLOBALIZACI\u00d3N EQUITATIVA Reuni\u00f3n tripartita de expertos sobre las estrategias &hellip; <a title=\"Listado de Libros\" class=\"hm-read-more\" href=\"https:\/\/www.mpppst.gob.ve\/mpppstweb\/index.php\/listados-de-libros\/\"><span class=\"screen-reader-text\">Listado de Libros<\/span>Read more<\/a><\/p>\n","protected":false},"author":25,"featured_media":0,"parent":0,"menu_order":0,"comment_status":"closed","ping_status":"closed","template":"","meta":{"footnotes":""},"yoast_head":"<!-- This site is optimized with the Yoast SEO plugin v22.5 - https:\/\/yoast.com\/wordpress\/plugins\/seo\/ -->\n<title>Listado de Libros - MPPPST<\/title>\n<meta name=\"robots\" content=\"index, follow, max-snippet:-1, max-image-preview:large, max-video-preview:-1\" \/>\n<link rel=\"canonical\" href=\"https:\/\/www.mpppst.gob.ve\/mpppstweb\/index.php\/listados-de-libros\/\" \/>\n<meta property=\"og:locale\" content=\"es_ES\" \/>\n<meta property=\"og:type\" content=\"article\" \/>\n<meta property=\"og:title\" content=\"Listado de Libros - MPPPST\" \/>\n<meta property=\"og:description\" content=\"SEGURIDAD SOCIAL PARA LA JUSTICIA Y UNA GLOBALIZACI\u00d3N EQUITATIVA Reuni\u00f3n tripartita de expertos sobre las estrategias &hellip; Listado de LibrosRead more\" \/>\n<meta property=\"og:url\" content=\"https:\/\/www.mpppst.gob.ve\/mpppstweb\/index.php\/listados-de-libros\/\" \/>\n<meta property=\"og:site_name\" content=\"MPPPST\" \/>\n<meta property=\"article:modified_time\" content=\"2019-06-14T18:17:05+00:00\" \/>\n<meta name=\"twitter:card\" content=\"summary_large_image\" \/>\n<meta name=\"twitter:label1\" content=\"Tiempo de lectura\" \/>\n\t<meta name=\"twitter:data1\" content=\"4 minutos\" \/>\n<script type=\"application\/ld+json\" class=\"yoast-schema-graph\">{\"@context\":\"https:\/\/schema.org\",\"@graph\":[{\"@type\":\"WebPage\",\"@id\":\"https:\/\/www.mpppst.gob.ve\/mpppstweb\/index.php\/listados-de-libros\/\",\"url\":\"https:\/\/www.mpppst.gob.ve\/mpppstweb\/index.php\/listados-de-libros\/\",\"name\":\"Listado de Libros - MPPPST\",\"isPartOf\":{\"@id\":\"https:\/\/www.mpppst.gob.ve\/mpppstweb\/#website\"},\"datePublished\":\"2019-06-13T17:45:59+00:00\",\"dateModified\":\"2019-06-14T18:17:05+00:00\",\"breadcrumb\":{\"@id\":\"https:\/\/www.mpppst.gob.ve\/mpppstweb\/index.php\/listados-de-libros\/#breadcrumb\"},\"inLanguage\":\"es\",\"potentialAction\":[{\"@type\":\"ReadAction\",\"target\":[\"https:\/\/www.mpppst.gob.ve\/mpppstweb\/index.php\/listados-de-libros\/\"]}]},{\"@type\":\"BreadcrumbList\",\"@id\":\"https:\/\/www.mpppst.gob.ve\/mpppstweb\/index.php\/listados-de-libros\/#breadcrumb\",\"itemListElement\":[{\"@type\":\"ListItem\",\"position\":1,\"name\":\"Home\",\"item\":\"https:\/\/www.mpppst.gob.ve\/mpppstweb\/\"},{\"@type\":\"ListItem\",\"position\":2,\"name\":\"Listado de Libros\"}]},{\"@type\":\"WebSite\",\"@id\":\"https:\/\/www.mpppst.gob.ve\/mpppstweb\/#website\",\"url\":\"https:\/\/www.mpppst.gob.ve\/mpppstweb\/\",\"name\":\"MPPPST\",\"description\":\"Ministerio del Poder Popular para el Proceso Social de Trabajo\",\"publisher\":{\"@id\":\"https:\/\/www.mpppst.gob.ve\/mpppstweb\/#organization\"},\"potentialAction\":[{\"@type\":\"SearchAction\",\"target\":{\"@type\":\"EntryPoint\",\"urlTemplate\":\"https:\/\/www.mpppst.gob.ve\/mpppstweb\/?s={search_term_string}\"},\"query-input\":\"required name=search_term_string\"}],\"inLanguage\":\"es\"},{\"@type\":\"Organization\",\"@id\":\"https:\/\/www.mpppst.gob.ve\/mpppstweb\/#organization\",\"name\":\"mpppst\",\"url\":\"https:\/\/www.mpppst.gob.ve\/mpppstweb\/\",\"logo\":{\"@type\":\"ImageObject\",\"inLanguage\":\"es\",\"@id\":\"https:\/\/www.mpppst.gob.ve\/mpppstweb\/#\/schema\/logo\/image\/\",\"url\":\"https:\/\/www.mpppst.gob.ve\/mpppstweb\/wp-content\/uploads\/2025\/07\/cropped-cropped-g910.png\",\"contentUrl\":\"https:\/\/www.mpppst.gob.ve\/mpppstweb\/wp-content\/uploads\/2025\/07\/cropped-cropped-g910.png\",\"width\":1080,\"height\":241,\"caption\":\"mpppst\"},\"image\":{\"@id\":\"https:\/\/www.mpppst.gob.ve\/mpppstweb\/#\/schema\/logo\/image\/\"}}]}<\/script>\n<!-- \/ Yoast SEO plugin. -->","yoast_head_json":{"title":"Listado de Libros - MPPPST","robots":{"index":"index","follow":"follow","max-snippet":"max-snippet:-1","max-image-preview":"max-image-preview:large","max-video-preview":"max-video-preview:-1"},"canonical":"https:\/\/www.mpppst.gob.ve\/mpppstweb\/index.php\/listados-de-libros\/","og_locale":"es_ES","og_type":"article","og_title":"Listado de Libros - MPPPST","og_description":"SEGURIDAD SOCIAL PARA LA JUSTICIA Y UNA GLOBALIZACI\u00d3N EQUITATIVA Reuni\u00f3n tripartita de expertos sobre las estrategias &hellip; Listado de LibrosRead more","og_url":"https:\/\/www.mpppst.gob.ve\/mpppstweb\/index.php\/listados-de-libros\/","og_site_name":"MPPPST","article_modified_time":"2019-06-14T18:17:05+00:00","twitter_card":"summary_large_image","twitter_misc":{"Tiempo de lectura":"4 minutos"},"schema":{"@context":"https:\/\/schema.org","@graph":[{"@type":"WebPage","@id":"https:\/\/www.mpppst.gob.ve\/mpppstweb\/index.php\/listados-de-libros\/","url":"https:\/\/www.mpppst.gob.ve\/mpppstweb\/index.php\/listados-de-libros\/","name":"Listado de Libros - MPPPST","isPartOf":{"@id":"https:\/\/www.mpppst.gob.ve\/mpppstweb\/#website"},"datePublished":"2019-06-13T17:45:59+00:00","dateModified":"2019-06-14T18:17:05+00:00","breadcrumb":{"@id":"https:\/\/www.mpppst.gob.ve\/mpppstweb\/index.php\/listados-de-libros\/#breadcrumb"},"inLanguage":"es","potentialAction":[{"@type":"ReadAction","target":["https:\/\/www.mpppst.gob.ve\/mpppstweb\/index.php\/listados-de-libros\/"]}]},{"@type":"BreadcrumbList","@id":"https:\/\/www.mpppst.gob.ve\/mpppstweb\/index.php\/listados-de-libros\/#breadcrumb","itemListElement":[{"@type":"ListItem","position":1,"name":"Home","item":"https:\/\/www.mpppst.gob.ve\/mpppstweb\/"},{"@type":"ListItem","position":2,"name":"Listado de Libros"}]},{"@type":"WebSite","@id":"https:\/\/www.mpppst.gob.ve\/mpppstweb\/#website","url":"https:\/\/www.mpppst.gob.ve\/mpppstweb\/","name":"MPPPST","description":"Ministerio del Poder Popular para el Proceso Social de Trabajo","publisher":{"@id":"https:\/\/www.mpppst.gob.ve\/mpppstweb\/#organization"},"potentialAction":[{"@type":"SearchAction","target":{"@type":"EntryPoint","urlTemplate":"https:\/\/www.mpppst.gob.ve\/mpppstweb\/?s={search_term_string}"},"query-input":"required name=search_term_string"}],"inLanguage":"es"},{"@type":"Organization","@id":"https:\/\/www.mpppst.gob.ve\/mpppstweb\/#organization","name":"mpppst","url":"https:\/\/www.mpppst.gob.ve\/mpppstweb\/","logo":{"@type":"ImageObject","inLanguage":"es","@id":"https:\/\/www.mpppst.gob.ve\/mpppstweb\/#\/schema\/logo\/image\/","url":"https:\/\/www.mpppst.gob.ve\/mpppstweb\/wp-content\/uploads\/2025\/07\/cropped-cropped-g910.png","contentUrl":"https:\/\/www.mpppst.gob.ve\/mpppstweb\/wp-content\/uploads\/2025\/07\/cropped-cropped-g910.png","width":1080,"height":241,"caption":"mpppst"},"image":{"@id":"https:\/\/www.mpppst.gob.ve\/mpppstweb\/#\/schema\/logo\/image\/"}}]}},"_links":{"self":[{"href":"https:\/\/www.mpppst.gob.ve\/mpppstweb\/index.php\/wp-json\/wp\/v2\/pages\/16250"}],"collection":[{"href":"https:\/\/www.mpppst.gob.ve\/mpppstweb\/index.php\/wp-json\/wp\/v2\/pages"}],"about":[{"href":"https:\/\/www.mpppst.gob.ve\/mpppstweb\/index.php\/wp-json\/wp\/v2\/types\/page"}],"author":[{"embeddable":true,"href":"https:\/\/www.mpppst.gob.ve\/mpppstweb\/index.php\/wp-json\/wp\/v2\/users\/25"}],"replies":[{"embeddable":true,"href":"https:\/\/www.mpppst.gob.ve\/mpppstweb\/index.php\/wp-json\/wp\/v2\/comments?post=16250"}],"version-history":[{"count":9,"href":"https:\/\/www.mpppst.gob.ve\/mpppstweb\/index.php\/wp-json\/wp\/v2\/pages\/16250\/revisions"}],"predecessor-version":[{"id":16337,"href":"https:\/\/www.mpppst.gob.ve\/mpppstweb\/index.php\/wp-json\/wp\/v2\/pages\/16250\/revisions\/16337"}],"wp:attachment":[{"href":"https:\/\/www.mpppst.gob.ve\/mpppstweb\/index.php\/wp-json\/wp\/v2\/media?parent=16250"}],"curies":[{"name":"wp","href":"https:\/\/api.w.org\/{rel}","templated":true}]}}