{"id":340,"date":"2016-03-29T13:00:34","date_gmt":"2016-03-29T13:00:34","guid":{"rendered":"http:\/\/www.mpppst.gob.ve\/mpppstweb\/?page_id=340"},"modified":"2016-08-01T12:43:21","modified_gmt":"2016-08-01T12:43:21","slug":"viceministerio-para-la-educacion-y-el-trabajo-para-la-liberacion","status":"publish","type":"page","link":"https:\/\/www.mpppst.gob.ve\/mpppstweb\/index.php\/viceministerio-para-la-educacion-y-el-trabajo-para-la-liberacion\/","title":{"rendered":"Viceministerio para la Educaci\u00f3n y el Trabajo para la Liberaci\u00f3n"},"content":{"rendered":"<p>Funciones de los despachos de los Viceministros o Viceministras establecidas en el reglamento org\u00e1nico del Ministerio del Poder Popular para el Proceso Social De Trabajo.<br \/>\nSeg\u00fan decreto N\u00b0 1617 de fecha 20\/02\/2015, publicado en Gaceta Extraordinario\u00a0 N\u00b0 6.174 de fecha 20\/02\/2015.<\/p>\n<p><strong>DESPACHO DEL VICEMINISTRO O DE LA VICEMINISTRA PARA EDUCACI\u00d3N Y EL TRABAJO PARA LA LIBERACI\u00d3N<\/strong><\/p>\n<p>Funciones del Despacho del Viceministro o de la Viceministra<\/p>\n<p>El Despacho del Viceministro o de la Viceministra para Educaci\u00f3n y el Trabajo para la Liberaci\u00f3n, tiene como funci\u00f3n proponer ante la Junta Ministerial lineamientos, pol\u00edticas, planes, estrategias, correspondiente al derecho de los trabajadores y trabajadoras a organizarse como clase trabajadora para asumir su proceso de formaci\u00f3n y autoformaci\u00f3n colectiva, integral, continua y permanente fundamentado en los programas nacionales de formaci\u00f3n administrados por las misiones educativas y las universidades nacionales que desarrollan la educaci\u00f3n desde el trabajo, elevar su conciencia de clase y la formaci\u00f3n integral que le permita asumir conscientemente la gesti\u00f3n directa y democr\u00e1tica de la direcci\u00f3n del proceso social nacional de trabajo como esencia del nuevo modelo de gesti\u00f3n de las entidades de trabajo; dirigir y dar seguimiento a la ejecuci\u00f3n de las pol\u00edticas aprobadas para garantizar el ejercicio de estos derechos a sus titulares.<\/p>\n<p>El Despacho estar\u00e1 a cargo del Viceministro o Viceministra, quien actuar\u00e1 de conformidad con lo establecido en la Ley Org\u00e1nica de la Administraci\u00f3n P\u00fablica y tendr\u00e1 como competencia:<\/p>\n<ol>\n<li>Impulsar, orientar y sistematizar, en conjunto con el Despacho del Viceministro o Viceministra para el Sistema Integrado de Inspecci\u00f3n Laboral y de la Seguridad Social, el diagn\u00f3stico elaborado por los trabajadores; y trabajadoras sobre el proceso social nacional de trabajo desde cada entidad de trabajo.<\/li>\n<li>Dise\u00f1ar pol\u00edticas que permitan que los trabajadores y trabajadoras desde cada entidad de trabajo, formulen el plan de formaci\u00f3n y autoformaci\u00f3n colectiva, integral, continua y permanente como estrategia para ejercer la gesti\u00f3n directa y democr\u00e1tica de la direcci\u00f3n del proceso social nacional de trabajo.<\/li>\n<li>Proponer a la Junta Ministerial, para su aprobaci\u00f3n, mecanismos de seguimiento y control del proceso de formulaci\u00f3n de los respectivos planes de formaci\u00f3n y autoformaci\u00f3n colectiva en cada entidad de trabajo.<\/li>\n<li>Dise\u00f1ar, en conjunto con el Despacho del Viceministro o Viceministra para el Sistema Integrado de Inspecci\u00f3n Laboral y de la Seguridad Social, estrategias dirigidas a verificar que todas las entidades de trabajo tengan elaborado el plan de formaci\u00f3n y autoformaci\u00f3n colectiva, integral, continua y permanente, garantizando quie su ejecuci\u00f3n cumpla las orientaciones establecidas en la Constituci\u00f3n de la Rep\u00fablica Bolivariana de Venezuela, el Decreto con Rango, Valor y Fuerza de Ley Org\u00e1nica del Trabajo, los Trabajadores y las Trabajadoras y cualquier otra normativa que rige la materia.<\/li>\n<li>Definir estrategias dirigidas al acompa\u00f1amiento y orientaci\u00f3n en el proceso de elaboraci\u00f3n y ejecuci\u00f3n del plan de formaci\u00f3n y autoformaci\u00f3n colectiva, integral, continua y permanente en las entidades de trabajo, en el marco del Plan Socialista de Desarrollo Econ\u00f3mico y Social de la Naci\u00f3n, a fin de estimular y desarrollar la auto &#8211; organizaci\u00f3n, elevar la conciencia y el compromiso de la clase obrera, para asumir la gesti\u00f3n directa y democr\u00e1tica de la direcci\u00f3n del proceso social nacional de trabajo, establecido en el texto constitucional de la Rep\u00fablica Bolivariana de Venezuela.<\/li>\n<li>Implementar lineamientos para el seguimiento, control y evaluaci\u00f3n de la ejecuci\u00f3n de los planes de formaci\u00f3n y autoformaci\u00f3n colectiva, integral, continua y permanente en cada entidad de trabajo, en funci\u00f3n de que cumplan con lo establecido en la Constituci\u00f3n de la Rep\u00fablica Bolivariana de Venezuela, el Decreto con Rango, Valor y Fuerza de Ley Org\u00e1nica del Trabajo, los Trabajadores v las Trabajadoras y dem\u00e1s normativas que rigen la materia.<\/li>\n<li>Presentar ante el Ministro o Ministra, los planes y programas de formaci\u00f3n, elaborados y evaluados conjuntamente con el Instituto Nacional de Capacitaci\u00f3n y Educaci\u00f3n Socialistas (INCES).<\/li>\n<li>Desarrollar estrategias conjuntamente con el Instituto Nacional de Capacitaci\u00f3n y Educaci\u00f3n Socialistas (INCES), para incluir en los planes de formaci\u00f3n y autoformaci\u00f3n de la clase obrera, a trabajadores y trabajadoras no incorporadas al proceso social nacional de trabajo.<\/li>\n<li>Desarrollar mecanismos de articulaci\u00f3n con el Instituto Nacional de Capacitaci\u00f3n y Educaci\u00f3n Socialistas (INCES), a fin de garantizar la formaci\u00f3n colectiva, integral continua y permanente dirigida a los trabajadores y las trabajadoras del sector p\u00fablico y del sector privado, adolescentes y j\u00f3venes, trabajadores y trabajadoras no dependientes, personas con discapacidad, migrantes, adultos mayores, ind\u00edgenas, privados de libertad y trabajadores y trabajadoras bajo modalidades especiales de condiciones de trabajo.<\/li>\n<li>Desarrollar planes y programas para la realizaci\u00f3n de actividades formativas especiales sobre la transici\u00f3n del capitalismo al socialismo, el programa contenido en el texto constitucional de la Rep\u00fablica Bolivariana de Venezuela, el programa contenido en el Decreto con Rango, Valor y Fuerza de Ley Org\u00e1nica del Trabajo, los Trabajadores y las Trabajadoras, el Plan Socialista de Desarrollo Econ\u00f3mico y Social de la Naci\u00f3n, el Pensamiento del Comandante Supremo Hugo Ch\u00e1vez Fr\u00edas, la Seguridad de la Naci\u00f3n, las l\u00edneas que emanen del Presidente de la Rep\u00fablica Bolivariana de Venezuela y cualquier otro tema que permita develar y desarrollar la conciencia de clase obrera de los trabajadores y trabajadoras, su conciencia social y su formaci\u00f3n integral en funci\u00f3n de asumir conscientemente la gesti\u00f3n directa y democr\u00e1tica del proceso social nacional de trabajo desde la entidad de trabajo donde participan.<\/li>\n<li>Atender, conjuntamente con el Despacho del Ministro o Ministra, bajo lineamientos de la m\u00e1xima autoridad y el \u00f3rgano rector en la materia, las relaciones con organismos internacionales del trabajo, propuestas de formulaci\u00f3n de declaraciones, acuerdos, convenios y dem\u00e1s instrumentos jur\u00eddicos y pol\u00edticos de su sector; as\u00ed como los mecanismos de cooperaci\u00f3n e integraci\u00f3n regionales y subregionales en materia de trabajo y seguridad social.<\/li>\n<li>Evaluar con apoyo de la Oficina Estrat\u00e9gica de Seguimiento y Evaluaci\u00f3n de Pol\u00edticas P\u00fablicas, el seguimiento de las pol\u00edticas y desempe\u00f1o en materia de formaci\u00f3n y autoformaci\u00f3n, con el fin de proponer ante la Junta Ministerial, los correctivos que aseguren la eficacia y eficiencia revolucionaria en la protecci\u00f3n del proceso social nacional de trabajo y los derechos laborales de los trabajadores, trabajadoras y sus familias, y el cabal cumplimiento de los lineamientos, pol\u00edticas y estrategias emanados del Ejecutivo Nacional.<\/li>\n<li>Establecer la pol\u00edtica para la formaci\u00f3n y autoformaci\u00f3n colectiva, integral, continua y permanente de los trabajadores y trabajadoras que participan en el proceso social nacional de trabajo desde el Despacho del Viceministro o de la Viceministra para la Educaci\u00f3n y el Trabajo para la Liberaci\u00f3n, orientado al desempe\u00f1o consciente de sus funciones, con fortalezas cient\u00edficas, t\u00e9cnicas, tecnol\u00f3gicas, culturales y el desarrollo de su potencial creativo con base en valores \u00e9ticos de tolerancia, justicia, solidaridad, paz y respeto a los derechos humanos.<\/li>\n<li>Dise\u00f1ar pol\u00edticas que garanticen la obtenci\u00f3n de informaci\u00f3n sobre el comportamiento de las oportunidades para el acceso a participar en el proceso social nacional de trabajo, a objeto de conocer la realidad y tendencia del mismo, as\u00ed como los factores y eventos que lo determinan y condicionan.<\/li>\n<li>Dise\u00f1ar pol\u00edticas de promoci\u00f3n de las nuevas organizaciones de trabajadores y trabajadoras, romo coadyuvantes en la estabilizaci\u00f3n del proceso social nacional de trabajo.<\/li>\n<li>Las dem\u00e1s que se\u00f1alen el ordenamiento jur\u00eddico aplicable.<\/li>\n<\/ol>\n","protected":false},"excerpt":{"rendered":"<p>Funciones de los despachos de los Viceministros o Viceministras establecidas en el reglamento org\u00e1nico del Ministerio &hellip; <a title=\"Viceministerio para la Educaci\u00f3n y el Trabajo para la Liberaci\u00f3n\" class=\"hm-read-more\" href=\"https:\/\/www.mpppst.gob.ve\/mpppstweb\/index.php\/viceministerio-para-la-educacion-y-el-trabajo-para-la-liberacion\/\"><span class=\"screen-reader-text\">Viceministerio para la Educaci\u00f3n y el Trabajo para la Liberaci\u00f3n<\/span>Read more<\/a><\/p>\n","protected":false},"author":25,"featured_media":0,"parent":0,"menu_order":0,"comment_status":"closed","ping_status":"closed","template":"","meta":{"footnotes":""},"yoast_head":"<!-- This site is optimized with the Yoast SEO plugin v22.5 - https:\/\/yoast.com\/wordpress\/plugins\/seo\/ -->\n<title>Viceministerio para la Educaci\u00f3n y el Trabajo para la Liberaci\u00f3n - MPPPST<\/title>\n<meta name=\"robots\" content=\"index, follow, max-snippet:-1, max-image-preview:large, max-video-preview:-1\" \/>\n<link rel=\"canonical\" href=\"https:\/\/www.mpppst.gob.ve\/mpppstweb\/index.php\/viceministerio-para-la-educacion-y-el-trabajo-para-la-liberacion\/\" \/>\n<meta property=\"og:locale\" content=\"es_ES\" \/>\n<meta property=\"og:type\" content=\"article\" \/>\n<meta property=\"og:title\" content=\"Viceministerio para la Educaci\u00f3n y el Trabajo para la Liberaci\u00f3n - MPPPST\" \/>\n<meta property=\"og:description\" content=\"Funciones de los despachos de los Viceministros o Viceministras establecidas en el reglamento org\u00e1nico del Ministerio &hellip; Viceministerio para la Educaci\u00f3n y el Trabajo para la Liberaci\u00f3nRead more\" \/>\n<meta property=\"og:url\" content=\"https:\/\/www.mpppst.gob.ve\/mpppstweb\/index.php\/viceministerio-para-la-educacion-y-el-trabajo-para-la-liberacion\/\" \/>\n<meta property=\"og:site_name\" content=\"MPPPST\" \/>\n<meta property=\"article:modified_time\" content=\"2016-08-01T12:43:21+00:00\" \/>\n<meta name=\"twitter:card\" content=\"summary_large_image\" \/>\n<meta name=\"twitter:label1\" content=\"Tiempo de lectura\" \/>\n\t<meta name=\"twitter:data1\" content=\"6 minutos\" \/>\n<script type=\"application\/ld+json\" class=\"yoast-schema-graph\">{\"@context\":\"https:\/\/schema.org\",\"@graph\":[{\"@type\":\"WebPage\",\"@id\":\"https:\/\/www.mpppst.gob.ve\/mpppstweb\/index.php\/viceministerio-para-la-educacion-y-el-trabajo-para-la-liberacion\/\",\"url\":\"https:\/\/www.mpppst.gob.ve\/mpppstweb\/index.php\/viceministerio-para-la-educacion-y-el-trabajo-para-la-liberacion\/\",\"name\":\"Viceministerio para la Educaci\u00f3n y el Trabajo para la Liberaci\u00f3n - MPPPST\",\"isPartOf\":{\"@id\":\"https:\/\/www.mpppst.gob.ve\/mpppstweb\/#website\"},\"datePublished\":\"2016-03-29T13:00:34+00:00\",\"dateModified\":\"2016-08-01T12:43:21+00:00\",\"breadcrumb\":{\"@id\":\"https:\/\/www.mpppst.gob.ve\/mpppstweb\/index.php\/viceministerio-para-la-educacion-y-el-trabajo-para-la-liberacion\/#breadcrumb\"},\"inLanguage\":\"es\",\"potentialAction\":[{\"@type\":\"ReadAction\",\"target\":[\"https:\/\/www.mpppst.gob.ve\/mpppstweb\/index.php\/viceministerio-para-la-educacion-y-el-trabajo-para-la-liberacion\/\"]}]},{\"@type\":\"BreadcrumbList\",\"@id\":\"https:\/\/www.mpppst.gob.ve\/mpppstweb\/index.php\/viceministerio-para-la-educacion-y-el-trabajo-para-la-liberacion\/#breadcrumb\",\"itemListElement\":[{\"@type\":\"ListItem\",\"position\":1,\"name\":\"Home\",\"item\":\"https:\/\/www.mpppst.gob.ve\/mpppstweb\/\"},{\"@type\":\"ListItem\",\"position\":2,\"name\":\"Viceministerio para la Educaci\u00f3n y el Trabajo para la Liberaci\u00f3n\"}]},{\"@type\":\"WebSite\",\"@id\":\"https:\/\/www.mpppst.gob.ve\/mpppstweb\/#website\",\"url\":\"https:\/\/www.mpppst.gob.ve\/mpppstweb\/\",\"name\":\"MPPPST\",\"description\":\"Ministerio del Poder Popular para el Proceso Social de Trabajo\",\"publisher\":{\"@id\":\"https:\/\/www.mpppst.gob.ve\/mpppstweb\/#organization\"},\"potentialAction\":[{\"@type\":\"SearchAction\",\"target\":{\"@type\":\"EntryPoint\",\"urlTemplate\":\"https:\/\/www.mpppst.gob.ve\/mpppstweb\/?s={search_term_string}\"},\"query-input\":\"required name=search_term_string\"}],\"inLanguage\":\"es\"},{\"@type\":\"Organization\",\"@id\":\"https:\/\/www.mpppst.gob.ve\/mpppstweb\/#organization\",\"name\":\"mpppst\",\"url\":\"https:\/\/www.mpppst.gob.ve\/mpppstweb\/\",\"logo\":{\"@type\":\"ImageObject\",\"inLanguage\":\"es\",\"@id\":\"https:\/\/www.mpppst.gob.ve\/mpppstweb\/#\/schema\/logo\/image\/\",\"url\":\"https:\/\/www.mpppst.gob.ve\/mpppstweb\/wp-content\/uploads\/2025\/07\/cropped-cropped-g910.png\",\"contentUrl\":\"https:\/\/www.mpppst.gob.ve\/mpppstweb\/wp-content\/uploads\/2025\/07\/cropped-cropped-g910.png\",\"width\":1080,\"height\":241,\"caption\":\"mpppst\"},\"image\":{\"@id\":\"https:\/\/www.mpppst.gob.ve\/mpppstweb\/#\/schema\/logo\/image\/\"}}]}<\/script>\n<!-- \/ Yoast SEO plugin. -->","yoast_head_json":{"title":"Viceministerio para la Educaci\u00f3n y el Trabajo para la Liberaci\u00f3n - MPPPST","robots":{"index":"index","follow":"follow","max-snippet":"max-snippet:-1","max-image-preview":"max-image-preview:large","max-video-preview":"max-video-preview:-1"},"canonical":"https:\/\/www.mpppst.gob.ve\/mpppstweb\/index.php\/viceministerio-para-la-educacion-y-el-trabajo-para-la-liberacion\/","og_locale":"es_ES","og_type":"article","og_title":"Viceministerio para la Educaci\u00f3n y el Trabajo para la Liberaci\u00f3n - MPPPST","og_description":"Funciones de los despachos de los Viceministros o Viceministras establecidas en el reglamento org\u00e1nico del Ministerio &hellip; Viceministerio para la Educaci\u00f3n y el Trabajo para la Liberaci\u00f3nRead more","og_url":"https:\/\/www.mpppst.gob.ve\/mpppstweb\/index.php\/viceministerio-para-la-educacion-y-el-trabajo-para-la-liberacion\/","og_site_name":"MPPPST","article_modified_time":"2016-08-01T12:43:21+00:00","twitter_card":"summary_large_image","twitter_misc":{"Tiempo de lectura":"6 minutos"},"schema":{"@context":"https:\/\/schema.org","@graph":[{"@type":"WebPage","@id":"https:\/\/www.mpppst.gob.ve\/mpppstweb\/index.php\/viceministerio-para-la-educacion-y-el-trabajo-para-la-liberacion\/","url":"https:\/\/www.mpppst.gob.ve\/mpppstweb\/index.php\/viceministerio-para-la-educacion-y-el-trabajo-para-la-liberacion\/","name":"Viceministerio para la Educaci\u00f3n y el Trabajo para la Liberaci\u00f3n - MPPPST","isPartOf":{"@id":"https:\/\/www.mpppst.gob.ve\/mpppstweb\/#website"},"datePublished":"2016-03-29T13:00:34+00:00","dateModified":"2016-08-01T12:43:21+00:00","breadcrumb":{"@id":"https:\/\/www.mpppst.gob.ve\/mpppstweb\/index.php\/viceministerio-para-la-educacion-y-el-trabajo-para-la-liberacion\/#breadcrumb"},"inLanguage":"es","potentialAction":[{"@type":"ReadAction","target":["https:\/\/www.mpppst.gob.ve\/mpppstweb\/index.php\/viceministerio-para-la-educacion-y-el-trabajo-para-la-liberacion\/"]}]},{"@type":"BreadcrumbList","@id":"https:\/\/www.mpppst.gob.ve\/mpppstweb\/index.php\/viceministerio-para-la-educacion-y-el-trabajo-para-la-liberacion\/#breadcrumb","itemListElement":[{"@type":"ListItem","position":1,"name":"Home","item":"https:\/\/www.mpppst.gob.ve\/mpppstweb\/"},{"@type":"ListItem","position":2,"name":"Viceministerio para la Educaci\u00f3n y el Trabajo para la Liberaci\u00f3n"}]},{"@type":"WebSite","@id":"https:\/\/www.mpppst.gob.ve\/mpppstweb\/#website","url":"https:\/\/www.mpppst.gob.ve\/mpppstweb\/","name":"MPPPST","description":"Ministerio del Poder Popular para el Proceso Social de Trabajo","publisher":{"@id":"https:\/\/www.mpppst.gob.ve\/mpppstweb\/#organization"},"potentialAction":[{"@type":"SearchAction","target":{"@type":"EntryPoint","urlTemplate":"https:\/\/www.mpppst.gob.ve\/mpppstweb\/?s={search_term_string}"},"query-input":"required name=search_term_string"}],"inLanguage":"es"},{"@type":"Organization","@id":"https:\/\/www.mpppst.gob.ve\/mpppstweb\/#organization","name":"mpppst","url":"https:\/\/www.mpppst.gob.ve\/mpppstweb\/","logo":{"@type":"ImageObject","inLanguage":"es","@id":"https:\/\/www.mpppst.gob.ve\/mpppstweb\/#\/schema\/logo\/image\/","url":"https:\/\/www.mpppst.gob.ve\/mpppstweb\/wp-content\/uploads\/2025\/07\/cropped-cropped-g910.png","contentUrl":"https:\/\/www.mpppst.gob.ve\/mpppstweb\/wp-content\/uploads\/2025\/07\/cropped-cropped-g910.png","width":1080,"height":241,"caption":"mpppst"},"image":{"@id":"https:\/\/www.mpppst.gob.ve\/mpppstweb\/#\/schema\/logo\/image\/"}}]}},"_links":{"self":[{"href":"https:\/\/www.mpppst.gob.ve\/mpppstweb\/index.php\/wp-json\/wp\/v2\/pages\/340"}],"collection":[{"href":"https:\/\/www.mpppst.gob.ve\/mpppstweb\/index.php\/wp-json\/wp\/v2\/pages"}],"about":[{"href":"https:\/\/www.mpppst.gob.ve\/mpppstweb\/index.php\/wp-json\/wp\/v2\/types\/page"}],"author":[{"embeddable":true,"href":"https:\/\/www.mpppst.gob.ve\/mpppstweb\/index.php\/wp-json\/wp\/v2\/users\/25"}],"replies":[{"embeddable":true,"href":"https:\/\/www.mpppst.gob.ve\/mpppstweb\/index.php\/wp-json\/wp\/v2\/comments?post=340"}],"version-history":[{"count":9,"href":"https:\/\/www.mpppst.gob.ve\/mpppstweb\/index.php\/wp-json\/wp\/v2\/pages\/340\/revisions"}],"predecessor-version":[{"id":7774,"href":"https:\/\/www.mpppst.gob.ve\/mpppstweb\/index.php\/wp-json\/wp\/v2\/pages\/340\/revisions\/7774"}],"wp:attachment":[{"href":"https:\/\/www.mpppst.gob.ve\/mpppstweb\/index.php\/wp-json\/wp\/v2\/media?parent=340"}],"curies":[{"name":"wp","href":"https:\/\/api.w.org\/{rel}","templated":true}]}}