{"id":7298,"date":"2016-07-07T13:49:32","date_gmt":"2016-07-07T13:49:32","guid":{"rendered":"http:\/\/www.mpppst.gob.ve\/mpppstweb\/?page_id=7298"},"modified":"2016-08-01T12:39:49","modified_gmt":"2016-08-01T12:39:49","slug":"viceministerio-para-derechos-y-relaciones-laborales","status":"publish","type":"page","link":"https:\/\/www.mpppst.gob.ve\/mpppstweb\/index.php\/viceministerio-para-derechos-y-relaciones-laborales\/","title":{"rendered":"Viceministerio para Derechos y Relaciones Laborales"},"content":{"rendered":"<p>Funciones de los despachos de los Viceministros o Viceministras establecidas en el reglamento org\u00e1nico del Ministerio del Poder Popular para el Proceso Social De Trabajo.<br \/>\nSeg\u00fan decreto N\u00b0 1617 de fecha 20\/02\/2015, publicado en Gaceta Extraordinario\u00a0 N\u00b0 6.174 de fecha 20\/02\/2015.<\/p>\n<p><strong>DESPACHO DEL VICEMINISTRO\u00a0 O DE LA VICEMINISTRA PARA\u00a0 DERECHOS RELACIONES LABORALES <\/strong><\/p>\n<p><strong>Funciones del Despacho del Viceministro o de la Viceministra<\/strong><\/p>\n<p>El Despacho del Viceministro o de la Viceministra para Derechos y Relaciones Laborales, tiene como funci\u00f3n proponer ante la Junta Ministerial lineamientos, pol\u00edticas, planes y estrategias, correspondientes a la participaci\u00f3n en el proceso social nacional de trabajo; dirigir y dar seguimiento a la ejecuci\u00f3n de las pol\u00edticas aprobadas para garantizar la estabilidad del proceso social de trabajo.<\/p>\n<p>El Despacho estar\u00e1 a cargo del Viceministro o de la Viceministra, quien actuar\u00e1 de conformidad con lo establecido en la Ley Org\u00e1nica de la Administraci\u00f3n P\u00fablica y tendr\u00e1 como competencias:<\/p>\n<ol>\n<li style=\"text-align: justify;\">Dise\u00f1ar y proponer a la Junta Ministerial las pol\u00edticas dirigidas a mantener un amplio di\u00e1logo democr\u00e1tico y participativo, con las organizaciones sindicales y sociales que se relacionan con el proceso social nacional de trabajo.<\/li>\n<li style=\"text-align: justify;\">Evaluar en materia de participaci\u00f3n en el proceso social nacional de trabajo, con el fin de proponer ante la Junta Ministerial, los correctivos que aseguren la eficacia y eficiencia revolucionaria en la protecci\u00f3n del proceso social nacional de trabajo y los derechos laborales de los trabajadores, trabajadoras y sus familias, y el cabal cumplimiento de los lineamientos, pol\u00edticas y estrategias emanadas del Ejecutivo Nacional.<\/li>\n<li style=\"text-align: justify;\">Proponer ante la Junta Ministerial las pol\u00edticas que permitan fijar lineamientos estrat\u00e9gicos y program\u00e1ticos en materia de participaci\u00f3n en el proceso social nacional de trabajo y relaciones laborales.<\/li>\n<li style=\"text-align: justify;\">Dirigir acciones que permitan el cumplimiento de las Leyes, Reglamentos, Decretos y Resoluciones en materia de participaci\u00f3n en el proceso social nacional de trabajo y relaciones laborales.<\/li>\n<li style=\"text-align: justify;\">Establecer lineamientos, previamente aprobados por el Ministro o Ministra, para el eficaz funcionamiento del Registro Nacional de Organizaciones Sindicales.<\/li>\n<li style=\"text-align: justify;\">Establecer lineamientos para la protecci\u00f3n y desarrollo de la libertad sindical, del derecho a la sindicalizaci\u00f3n y a la negociaci\u00f3n colectiva.<\/li>\n<li style=\"text-align: justify;\">Presentar al Ministro o Ministra, informaci\u00f3n laboral, as\u00ed como estudios necesarios, que sirvan de apoyo para las propuestas en la fijaci\u00f3n del salario m\u00ednimo, la protecci\u00f3n del salario y otros beneficios de car\u00e1cter laboral.<\/li>\n<li style=\"text-align: justify;\">Atender, conjuntamente con el Despacho del Ministro o Ministra, bajo lineamientos de la m\u00e1xima autoridad y el \u00f3rgano rector en la materia, las relaciones con organismos Internacionales del trabajo, propuestas de formulaci\u00f3n de declaraciones, acuerdos, convenios y dem\u00e1s instrumentos jur\u00eddicos y pol\u00edticos de su sector; as\u00ed como los mecanismos de cooperaci\u00f3n e integraci\u00f3n regionales y subregionales en materia de trabajo y seguridad social.<\/li>\n<li style=\"text-align: justify;\">Promover la formaci\u00f3n y autoformaci\u00f3n colectiva, integral, continua y permanente de los trabajadores y trabajadoras que participan en el proceso social nacional de trabajo desde el Despacho del Viceministro o Viceministra para Derechos y Relaciones Laborales, orientado al desempe\u00f1o consciente de sus funciones, con fortalezas cient\u00edficas, t\u00e9cnicas, tecnol\u00f3gicas, culturales y el desarrollo de su potencial creativo con base en valores \u00e9ticos de tolerancia, justicia, solidaridad, paz y respeto a los derechos humanos.<\/li>\n<li style=\"text-align: justify;\">Las dem\u00e1s que se\u00f1alen el ordenamiento jur\u00eddico aplicable.<\/li>\n<\/ol>\n","protected":false},"excerpt":{"rendered":"<p>Funciones de los despachos de los Viceministros o Viceministras establecidas en el reglamento org\u00e1nico del Ministerio &hellip; <a title=\"Viceministerio para Derechos y Relaciones Laborales\" class=\"hm-read-more\" href=\"https:\/\/www.mpppst.gob.ve\/mpppstweb\/index.php\/viceministerio-para-derechos-y-relaciones-laborales\/\"><span class=\"screen-reader-text\">Viceministerio para Derechos y Relaciones Laborales<\/span>Read more<\/a><\/p>\n","protected":false},"author":25,"featured_media":0,"parent":0,"menu_order":0,"comment_status":"closed","ping_status":"closed","template":"","meta":{"footnotes":""},"yoast_head":"<!-- This site is optimized with the Yoast SEO plugin v22.5 - https:\/\/yoast.com\/wordpress\/plugins\/seo\/ -->\n<title>Viceministerio para Derechos y Relaciones Laborales - MPPPST<\/title>\n<meta name=\"robots\" content=\"index, follow, max-snippet:-1, max-image-preview:large, max-video-preview:-1\" \/>\n<link rel=\"canonical\" href=\"https:\/\/www.mpppst.gob.ve\/mpppstweb\/index.php\/viceministerio-para-derechos-y-relaciones-laborales\/\" \/>\n<meta property=\"og:locale\" content=\"es_ES\" \/>\n<meta property=\"og:type\" content=\"article\" \/>\n<meta property=\"og:title\" content=\"Viceministerio para Derechos y Relaciones Laborales - MPPPST\" \/>\n<meta property=\"og:description\" content=\"Funciones de los despachos de los Viceministros o Viceministras establecidas en el reglamento org\u00e1nico del Ministerio &hellip; Viceministerio para Derechos y Relaciones LaboralesRead more\" \/>\n<meta property=\"og:url\" content=\"https:\/\/www.mpppst.gob.ve\/mpppstweb\/index.php\/viceministerio-para-derechos-y-relaciones-laborales\/\" \/>\n<meta property=\"og:site_name\" content=\"MPPPST\" \/>\n<meta property=\"article:modified_time\" content=\"2016-08-01T12:39:49+00:00\" \/>\n<meta name=\"twitter:card\" content=\"summary_large_image\" \/>\n<meta name=\"twitter:label1\" content=\"Tiempo de lectura\" \/>\n\t<meta name=\"twitter:data1\" content=\"3 minutos\" \/>\n<script type=\"application\/ld+json\" class=\"yoast-schema-graph\">{\"@context\":\"https:\/\/schema.org\",\"@graph\":[{\"@type\":\"WebPage\",\"@id\":\"https:\/\/www.mpppst.gob.ve\/mpppstweb\/index.php\/viceministerio-para-derechos-y-relaciones-laborales\/\",\"url\":\"https:\/\/www.mpppst.gob.ve\/mpppstweb\/index.php\/viceministerio-para-derechos-y-relaciones-laborales\/\",\"name\":\"Viceministerio para Derechos y Relaciones Laborales - MPPPST\",\"isPartOf\":{\"@id\":\"https:\/\/www.mpppst.gob.ve\/mpppstweb\/#website\"},\"datePublished\":\"2016-07-07T13:49:32+00:00\",\"dateModified\":\"2016-08-01T12:39:49+00:00\",\"breadcrumb\":{\"@id\":\"https:\/\/www.mpppst.gob.ve\/mpppstweb\/index.php\/viceministerio-para-derechos-y-relaciones-laborales\/#breadcrumb\"},\"inLanguage\":\"es\",\"potentialAction\":[{\"@type\":\"ReadAction\",\"target\":[\"https:\/\/www.mpppst.gob.ve\/mpppstweb\/index.php\/viceministerio-para-derechos-y-relaciones-laborales\/\"]}]},{\"@type\":\"BreadcrumbList\",\"@id\":\"https:\/\/www.mpppst.gob.ve\/mpppstweb\/index.php\/viceministerio-para-derechos-y-relaciones-laborales\/#breadcrumb\",\"itemListElement\":[{\"@type\":\"ListItem\",\"position\":1,\"name\":\"Home\",\"item\":\"https:\/\/www.mpppst.gob.ve\/mpppstweb\/\"},{\"@type\":\"ListItem\",\"position\":2,\"name\":\"Viceministerio para Derechos y Relaciones Laborales\"}]},{\"@type\":\"WebSite\",\"@id\":\"https:\/\/www.mpppst.gob.ve\/mpppstweb\/#website\",\"url\":\"https:\/\/www.mpppst.gob.ve\/mpppstweb\/\",\"name\":\"MPPPST\",\"description\":\"Ministerio del Poder Popular para el Proceso Social de Trabajo\",\"publisher\":{\"@id\":\"https:\/\/www.mpppst.gob.ve\/mpppstweb\/#organization\"},\"potentialAction\":[{\"@type\":\"SearchAction\",\"target\":{\"@type\":\"EntryPoint\",\"urlTemplate\":\"https:\/\/www.mpppst.gob.ve\/mpppstweb\/?s={search_term_string}\"},\"query-input\":\"required name=search_term_string\"}],\"inLanguage\":\"es\"},{\"@type\":\"Organization\",\"@id\":\"https:\/\/www.mpppst.gob.ve\/mpppstweb\/#organization\",\"name\":\"mpppst\",\"url\":\"https:\/\/www.mpppst.gob.ve\/mpppstweb\/\",\"logo\":{\"@type\":\"ImageObject\",\"inLanguage\":\"es\",\"@id\":\"https:\/\/www.mpppst.gob.ve\/mpppstweb\/#\/schema\/logo\/image\/\",\"url\":\"https:\/\/www.mpppst.gob.ve\/mpppstweb\/wp-content\/uploads\/2025\/07\/cropped-cropped-g910.png\",\"contentUrl\":\"https:\/\/www.mpppst.gob.ve\/mpppstweb\/wp-content\/uploads\/2025\/07\/cropped-cropped-g910.png\",\"width\":1080,\"height\":241,\"caption\":\"mpppst\"},\"image\":{\"@id\":\"https:\/\/www.mpppst.gob.ve\/mpppstweb\/#\/schema\/logo\/image\/\"}}]}<\/script>\n<!-- \/ Yoast SEO plugin. -->","yoast_head_json":{"title":"Viceministerio para Derechos y Relaciones Laborales - MPPPST","robots":{"index":"index","follow":"follow","max-snippet":"max-snippet:-1","max-image-preview":"max-image-preview:large","max-video-preview":"max-video-preview:-1"},"canonical":"https:\/\/www.mpppst.gob.ve\/mpppstweb\/index.php\/viceministerio-para-derechos-y-relaciones-laborales\/","og_locale":"es_ES","og_type":"article","og_title":"Viceministerio para Derechos y Relaciones Laborales - MPPPST","og_description":"Funciones de los despachos de los Viceministros o Viceministras establecidas en el reglamento org\u00e1nico del Ministerio &hellip; Viceministerio para Derechos y Relaciones LaboralesRead more","og_url":"https:\/\/www.mpppst.gob.ve\/mpppstweb\/index.php\/viceministerio-para-derechos-y-relaciones-laborales\/","og_site_name":"MPPPST","article_modified_time":"2016-08-01T12:39:49+00:00","twitter_card":"summary_large_image","twitter_misc":{"Tiempo de lectura":"3 minutos"},"schema":{"@context":"https:\/\/schema.org","@graph":[{"@type":"WebPage","@id":"https:\/\/www.mpppst.gob.ve\/mpppstweb\/index.php\/viceministerio-para-derechos-y-relaciones-laborales\/","url":"https:\/\/www.mpppst.gob.ve\/mpppstweb\/index.php\/viceministerio-para-derechos-y-relaciones-laborales\/","name":"Viceministerio para Derechos y Relaciones Laborales - MPPPST","isPartOf":{"@id":"https:\/\/www.mpppst.gob.ve\/mpppstweb\/#website"},"datePublished":"2016-07-07T13:49:32+00:00","dateModified":"2016-08-01T12:39:49+00:00","breadcrumb":{"@id":"https:\/\/www.mpppst.gob.ve\/mpppstweb\/index.php\/viceministerio-para-derechos-y-relaciones-laborales\/#breadcrumb"},"inLanguage":"es","potentialAction":[{"@type":"ReadAction","target":["https:\/\/www.mpppst.gob.ve\/mpppstweb\/index.php\/viceministerio-para-derechos-y-relaciones-laborales\/"]}]},{"@type":"BreadcrumbList","@id":"https:\/\/www.mpppst.gob.ve\/mpppstweb\/index.php\/viceministerio-para-derechos-y-relaciones-laborales\/#breadcrumb","itemListElement":[{"@type":"ListItem","position":1,"name":"Home","item":"https:\/\/www.mpppst.gob.ve\/mpppstweb\/"},{"@type":"ListItem","position":2,"name":"Viceministerio para Derechos y Relaciones Laborales"}]},{"@type":"WebSite","@id":"https:\/\/www.mpppst.gob.ve\/mpppstweb\/#website","url":"https:\/\/www.mpppst.gob.ve\/mpppstweb\/","name":"MPPPST","description":"Ministerio del Poder Popular para el Proceso Social de Trabajo","publisher":{"@id":"https:\/\/www.mpppst.gob.ve\/mpppstweb\/#organization"},"potentialAction":[{"@type":"SearchAction","target":{"@type":"EntryPoint","urlTemplate":"https:\/\/www.mpppst.gob.ve\/mpppstweb\/?s={search_term_string}"},"query-input":"required name=search_term_string"}],"inLanguage":"es"},{"@type":"Organization","@id":"https:\/\/www.mpppst.gob.ve\/mpppstweb\/#organization","name":"mpppst","url":"https:\/\/www.mpppst.gob.ve\/mpppstweb\/","logo":{"@type":"ImageObject","inLanguage":"es","@id":"https:\/\/www.mpppst.gob.ve\/mpppstweb\/#\/schema\/logo\/image\/","url":"https:\/\/www.mpppst.gob.ve\/mpppstweb\/wp-content\/uploads\/2025\/07\/cropped-cropped-g910.png","contentUrl":"https:\/\/www.mpppst.gob.ve\/mpppstweb\/wp-content\/uploads\/2025\/07\/cropped-cropped-g910.png","width":1080,"height":241,"caption":"mpppst"},"image":{"@id":"https:\/\/www.mpppst.gob.ve\/mpppstweb\/#\/schema\/logo\/image\/"}}]}},"_links":{"self":[{"href":"https:\/\/www.mpppst.gob.ve\/mpppstweb\/index.php\/wp-json\/wp\/v2\/pages\/7298"}],"collection":[{"href":"https:\/\/www.mpppst.gob.ve\/mpppstweb\/index.php\/wp-json\/wp\/v2\/pages"}],"about":[{"href":"https:\/\/www.mpppst.gob.ve\/mpppstweb\/index.php\/wp-json\/wp\/v2\/types\/page"}],"author":[{"embeddable":true,"href":"https:\/\/www.mpppst.gob.ve\/mpppstweb\/index.php\/wp-json\/wp\/v2\/users\/25"}],"replies":[{"embeddable":true,"href":"https:\/\/www.mpppst.gob.ve\/mpppstweb\/index.php\/wp-json\/wp\/v2\/comments?post=7298"}],"version-history":[{"count":4,"href":"https:\/\/www.mpppst.gob.ve\/mpppstweb\/index.php\/wp-json\/wp\/v2\/pages\/7298\/revisions"}],"predecessor-version":[{"id":7771,"href":"https:\/\/www.mpppst.gob.ve\/mpppstweb\/index.php\/wp-json\/wp\/v2\/pages\/7298\/revisions\/7771"}],"wp:attachment":[{"href":"https:\/\/www.mpppst.gob.ve\/mpppstweb\/index.php\/wp-json\/wp\/v2\/media?parent=7298"}],"curies":[{"name":"wp","href":"https:\/\/api.w.org\/{rel}","templated":true}]}}